atest common factor of 1774 and k.
2
Suppose 8*w = -94 + 30. Let m(f) = -4*f + 43. Let z be m(w). What is the greatest common divisor of 120 and z?
15
Let j be (12/3 - 1)/((-3)/(-19)). Suppose -51*l + j*l = -4864. What is the highest common factor of l and 266?
38
Let q = 51618 - 32907. Let d be -1 - (q/(-143) - 2/13). What is the highest common divisor of 5 and d?
5
Suppose 0 = -2*i + 3*j - 1, -i + 2*j = 1 + 1. Suppose -16 = -h + i. Calculate the greatest common factor of h and 5.
5
Let u be (-140)/1*(7380/(-1886) - (-6)/(-69)). Let c = 31 + -3. What is the greatest common factor of u and c?
28
Let s be (20/15)/((-2)/(-6)). Let z = 13 - -22. Suppose l = -5*g + s*l + z, -4*g = -5*l - 15. What is the highest common factor of 4 and g?
2
Suppose 58606 = 31*c - 11981. What is the highest common divisor of c and 66?
33
Suppose -105*h + 55461 = 116*h - 88*h. Calculate the greatest common factor of 9730 and h.
139
Suppose -8*p = 2*v - 3*p + 101, -9 = 3*p. Let w = v - -67. Calculate the highest common factor of w and 84.
12
Suppose 0 = 48*z - 94*z + 138. Calculate the greatest common factor of z and 1713.
3
Let w be ((-146)/4380)/((-2)/8) + (-50456)/(-30). Calculate the greatest common factor of w and 551.
29
Let z(t) = -t**3 - 4*t**2 + 21*t - 8. Let u be z(-7). Let q be u/12*8151/(-26). Calculate the greatest common divisor of q and 22.
11
Suppose -3087 = -52*n + 30195 - 2290. Calculate the greatest common factor of n and 149.
149
Let y = -7972 - -8076. Let t = 8 - 6. Let h be (t/1 + 7)*y/24. What is the greatest common divisor of h and 26?
13
Let p be -193 + 8/((-12)/(-3)). Suppose -563 = 2*m - 0*m - s, -2*m + 4*s - 578 = 0. Let i = p - m. What is the greatest common factor of i and 132?
44
Suppose 0 = 40*t + 1277 - 4757. Calculate the highest common divisor of t and 3.
3
Let o(k) be the first derivative of k**4/4 - 5*k**3 + 13*k**2 + 4*k - 39. Let h be o(14). Let i = h - 116. Calculate the greatest common factor of 28 and i.
28
Suppose 0 = -23*n + 34*n - 33. Suppose -5*p = s - 54, -n*s + 194 = -5*p + 52. What is the highest common divisor of s and 343?
49
Let i be (3 + 26/(-6))/(2/12). Let q be (i/16)/(-1 + 13/14). Calculate the highest common factor of 203 and q.
7
Let n(j) = -75*j - 31. Let i be n(-3). Suppose 4*b + 4*u + u = i, 98 = 2*b + 3*u. What is the highest common factor of b and 46?
46
Let a be 10/1*6/4. Let x = 202 - 183. Suppose -x*d + 22*d = a. Calculate the highest common divisor of d and 2.
1
Let i be (3*(-8)/48)/(2/(137520/(-6))). Calculate the highest common factor of i and 15.
15
Let g(a) = -a**3 - 167*a**2 + 682*a + 571. Let p be g(-171). Let v be 2/3 + 62/6. Calculate the greatest common divisor of p and v.
11
Let d = 15853 - 15845. Let v(c) = -c**3 - 4*c**2 + 3. Let o be v(-4). Let z be (1 - (-3 + o))*(5 + d). Calculate the greatest common divisor of z and 104.
13
Suppose 1468 - 346 = 3*u. Suppose -49*v = -633 - 445. What is the greatest common factor of u and v?
22
Let s(g) = -35*g - 4. Suppose 0 = 3*u + 4*w - 8 - 9, 4*u - 5*w = -29. Let k be s(u). Let r = -30 + k. Calculate the highest common factor of 7 and r.
1
Suppose 3*l - 21*f + 16*f = 1211, -l + 397 = -5*f. What is the highest common factor of 1480 and l?
37
Suppose -12493 = -120*x + 43307. What is the greatest common factor of 3 and x?
3
Suppose 0 = 9404*a - 9412*a + 1152. What is the highest common divisor of a and 1224?
72
Let c = -19 - -35. Suppose -4*j + 9*j - 18 = 2*q, 2*q + c = 4*j. Suppose -26 = -j*b - 2*n, -2*b + 37 = 4*n + 13. What is the highest common factor of 14 and b?
14
Suppose -d - f = -188, 0 = -5*d + 4*f + 420 + 538. Suppose -d = -4*b + 2. Calculate the highest common divisor of 9 and b.
3
Let j = -5807 + 5818. Suppose -2*b = 2*b - 12. Suppose b*z = 5*a + 119, 2*z + 14 - 100 = 5*a. What is the greatest common factor of z and j?
11
Suppose 0 = 3*j + 9, -i = 150*j - 151*j - 343. What is the highest common factor of 765 and i?
85
Let h = 256 + -454. Let a = -178 - h. Let v = 12 + -8. What is the highest common divisor of v and a?
4
Let d = 13986 - 13981. Let j = 126 + -71. Calculate the greatest common divisor of j and d.
5
Let s(m) = -m**3 + 13*m**2 + 22. Let q be (-10)/(-20) - (1 - (-81)/(-6)). Let o be s(q). Calculate the highest common factor of 33 and o.
11
Suppose 5*k + 0*t - 5*t = 135, 63 = 4*k + 5*t. Let u(a) = 17*a - 9. Let p be u(7). Calculate the greatest common factor of k and p.
22
Let x(s) = -8*s**2 - 25*s + 12. Let m be x(0). What is the highest common divisor of m and 13182?
6
Let i(v) = -v**3 - 6*v**2 - 9*v - 9. Let l be i(-6). Let z(h) = 7 + 0 - 21*h + 14. Let w be z(-14). What is the greatest common divisor of w and l?
45
Let t be 9/2*(10 - 0). Let c be 4200/150*(-75)/(-140). Calculate the greatest common factor of c and t.
15
Suppose 14 = 3*o - 4*q, -8*q + 10*q - 6 = -5*o. Suppose -4*v + 7*v = j - 31, o*v - 62 = -2*j. What is the highest common divisor of j and 124?
31
Suppose -10*x = -1974 + 1864. What is the greatest common divisor of 5951 and x?
11
Let r = -22953 + 26330. What is the highest common factor of r and 2763?
307
Let s(f) = -13*f + 260. Let q(y) = -6*y + 130. Let k(n) = 5*q(n) - 2*s(n). Let c be k(32). Calculate the greatest common divisor of 16 and c.
2
Let i = 8690 - 8591. Calculate the greatest common factor of 2211 and i.
33
Let w = 19036 + -18776. What is the greatest common factor of w and 325?
65
Let v be 44 - (-2)/(-4)*10. Let l = 45 - v. Let r be ((-8)/12)/((-2)/12). Calculate the greatest common factor of r and l.
2
Let z(f) = -2*f**2 - 29*f + 21. Let a be z(-15). Let t = 301 + -109. What is the greatest common divisor of t and a?
6
Suppose 5*m + h - 66 + 14 = 0, -3*m = 2*h - 34. Suppose -2*j + 4*j - m = 0, 5*j = -2*t + 47. What is the highest common divisor of 11 and t?
11
Suppose 5*p = -y + 22, -12*y = -17*y + 4*p + 52. Let v be (-99)/6*(-664)/y. What is the highest common factor of v and 83?
83
Let x(h) = 2*h**2 - 94*h + 974. Let t be x(10). Calculate the greatest common divisor of t and 117.
117
Suppose 2*h - 2*x - 352 = 0, 9*x - 4*x = 25. Let g = h + -174. What is the highest common divisor of 35 and g?
7
Let n(k) = 190*k - 559. Let j be n(3). What is the greatest common factor of j and 715?
11
Suppose 2*y + 2*o = 7*o + 75, 5*y + 2*o = 202. Let t be y*4/(-80)*-8. Calculate the greatest common divisor of 32 and t.
16
Suppose 3*i = 8*i - 55. Let t = 260898 + -260447. Calculate the highest common divisor of t and i.
11
Let t be (-6)/(-3)*81/18. Suppose -t*c + 2485 = 10. What is the greatest common divisor of c and 100?
25
Suppose -19*z - 4*c = -14*z - 6, 5*z - 5 = -5*c. What is the greatest common divisor of z and 337?
1
Suppose -4*w + o + 9279 = 0, -44*o - 2321 = -w - 45*o. Calculate the greatest common divisor of w and 280.
40
Let m be ((-2)/6)/(-3*1/1935). Let u = m + -201. What is the highest common divisor of 14 and u?
14
Suppose -t - 2*c + 268 = 0, -13*c + 17*c + 874 = 3*t. What is the highest common factor of 12 and t?
6
Suppose 4*i + 4*g = 8*g + 76, -3*i = 2*g - 62. Let d = 26 - i. What is the highest common divisor of d and 150?
6
Let v = -821 + 829. Suppose -5*d + 0*d + 105 = 0. Suppose -3*p + d = q - 2*p, 0 = -p + 5. Calculate the greatest common divisor of v and q.
8
Suppose -4*b + 552 = -40*m + 42*m, 3*m = -12*b + 1668. Calculate the highest common divisor of b and 6475.
35
Let t(s) = s**3 + 5*s**2 + 6*s + 4. Let y be t(-3). Suppose -y*x - 3*q = -121, -2*q - 33 = 5*x - 193. Calculate the greatest common divisor of 2 and x.
2
Let o(w) = 10*w**2 - 75*w + 150. Let u be o(2). Calculate the greatest common divisor of 100 and u.
20
Suppose 4*t - 3*s - 77 = 0, 5*t - 66 = 2*t + 5*s. Suppose -30 = -t*g + 16*g. Let v be (-4)/14 + 4216/56. What is the greatest common divisor of v and g?
15
Suppose 7*m + 35*m = 25*m + 2380. What is the highest common factor of m and 224?
28
Let d be (-2)/((23/158)/(-23)). Let u = 153 + -62. Suppose q = d + u. Calculate the greatest common factor of q and 37.
37
Let x(y) = -y - 2. Let f be x(-7). Let t = f - -19. Suppose -4*j + 403 = 307. Calculate the greatest common factor of j and t.
24
Suppose 0 = 10*v - 25*v + 1500. Let g = v - 89. Calculate the greatest common factor of g and 33.
11
Let f be ((-15)/2)/((-3)/52). Suppose z = i + 25, 0 = 5*i + 39 + 36. Calculate the 